{"id":2343,"date":"2024-04-04T22:49:35","date_gmt":"2024-04-04T22:49:35","guid":{"rendered":"https:\/\/epices-smaoui.com\/?post_type=product&#038;p=2343"},"modified":"2024-04-04T22:53:12","modified_gmt":"2024-04-04T22:53:12","slug":"olives-denoyautees","status":"publish","type":"product","link":"https:\/\/epices-smaoui.com\/index.php\/product\/olives-denoyautees\/","title":{"rendered":"Olives d\u00e9noyaut\u00e9es<span class=\"codevz-product-category-after-title\">Salaisons<\/span>"},"content":{"rendered":"<p><strong>Dosage :<\/strong> A volont\u00e9, selon votre pr\u00e9paration<\/p>\n<table>\n<tbody>\n<tr>\n<td>Article<\/td>\n<td>Poids par paquet<\/td>\n<td>Paquet\/ fardeau\/ carton<\/td>\n<td>Code \u00e0 barre<\/td>\n<\/tr>\n<tr>\n<td rowspan=\"2\">Olives d\u00e9noyaut\u00e9es<\/td>\n<td>Seaux de 3 kg<\/td>\n<td><\/td>\n<td><\/td>\n<\/tr>\n<tr>\n<td>100 g<\/td>\n<td>10 sachets<\/td>\n<td>6194046901873<\/td>\n<\/tr>\n<\/tbody>\n<\/table>\n<ul>\n<li><span style=\"color: #339966;\"><strong>Id\u00e9e de cuisine <\/strong><\/span><\/li>\n<\/ul>\n<div style=\"text-align: justify;\">L\u2019olives d\u00e9noyaut\u00e9es Smaoui particuli\u00e8rement savoureuses dans les salades et les plats \u00e0 base de poisson.<\/div>\n<div style=\"text-align: justify;\">Nous vous proposons des recettes avec olives d\u00e9noyaut\u00e9s Smaoui, afin d&rsquo;utiliser au mieux ce Salaison.<\/div>\n<ul>\n<li><span style=\"color: #339966;\"><strong>Les atouts sant\u00e9 et nutrition<\/strong><\/span><\/li>\n<\/ul>\n<div style=\"text-align: justify;\">Le grand int\u00e9r\u00eat port\u00e9 aux b\u00e9n\u00e9fices de l\u2019olive sur la sant\u00e9 provient de r\u00e9sultats d\u2019\u00e9tudes ayant d\u00e9montr\u00e9 une faible incidence de maladies coronariennes et de certains cancers dans les pays o\u00f9 l\u2019alimentation est de type m\u00e9diterran\u00e9en. Les olives font partie int\u00e9grante de ce type d\u2019alimentation.<\/div>\n<div>\n<p><strong><u>Informations nutritionnelles pour une portion 100 g<\/u><\/strong><\/p>\n<ul>\n<li><a href=\"https:\/\/www.lanutrition.fr\/olives-vertes#proteines\">Prot\u00e9ines<\/a>: 1.03 g<\/li>\n<li><a href=\"https:\/\/www.lanutrition.fr\/olives-vertes#lipides\">Lipides<\/a>: 15.32 g<\/li>\n<li><a href=\"https:\/\/www.lanutrition.fr\/olives-vertes#glucides\">Glucides<\/a>: 3.84 g<\/li>\n<li>Cendres\u00a0: 4.53 g<\/li>\n<li><a href=\"https:\/\/www.lanutrition.fr\/olives-vertes#energie-kcal\">Energie (kcal)<\/a>: 146 kcal<\/li>\n<li>Alcool\u00a0: 0 g<\/li>\n<li>Eau\u00a0: 75.28 g<\/li>\n<li>Fibres\u00a0: 3.3 g<\/li>\n<\/ul>\n<\/div>\n<ul>\n<li><span style=\"color: #339966;\"><strong>Secret de conservation\u00a0<\/strong><\/span><\/li>\n<\/ul>\n<div style=\"text-align: justify;\">\n<p>Conservez les olives d\u00e9noyaut\u00e9es Smaoui au r\u00e9frig\u00e9rateur dans leur bocal ou dans un r\u00e9cipient herm\u00e9tique apr\u00e8s ouverture pendant environ 1 an.\n<\/p><\/div>\n","protected":false},"excerpt":{"rendered":"<div style=\"text-align: justify;\">\nLe fruit de l\u2019olivier est couramment consomm\u00e9 dans les &#8230; <\/p>\n","protected":false},"featured_media":2344,"template":"","meta":[],"product_cat":[156],"product_tag":[],"class_list":{"0":"post-2343","1":"product","2":"type-product","3":"status-publish","4":"has-post-thumbnail","6":"product_cat-salaisons","8":"first","9":"instock","10":"shipping-taxable","11":"product-type-simple"},"_links":{"self":[{"href":"https:\/\/epices-smaoui.com\/index.php\/wp-json\/wp\/v2\/product\/2343","targetHints":{"allow":["GET"]}}],"collection":[{"href":"https:\/\/epices-smaoui.com\/index.php\/wp-json\/wp\/v2\/product"}],"about":[{"href":"https:\/\/epices-smaoui.com\/index.php\/wp-json\/wp\/v2\/types\/product"}],"wp:featuredmedia":[{"embeddable":true,"href":"https:\/\/epices-smaoui.com\/index.php\/wp-json\/wp\/v2\/media\/2344"}],"wp:attachment":[{"href":"https:\/\/epices-smaoui.com\/index.php\/wp-json\/wp\/v2\/media?parent=2343"}],"wp:term":[{"taxonomy":"product_cat","embeddable":true,"href":"https:\/\/epices-smaoui.com\/index.php\/wp-json\/wp\/v2\/product_cat?post=2343"},{"taxonomy":"product_tag","embeddable":true,"href":"https:\/\/epices-smaoui.com\/index.php\/wp-json\/wp\/v2\/product_tag?post=2343"}],"curies":[{"name":"wp","href":"https:\/\/api.w.org\/{rel}","templated":true}]}}