{"id":2294,"date":"2024-04-04T10:45:57","date_gmt":"2024-04-04T10:45:57","guid":{"rendered":"https:\/\/epices-smaoui.com\/?post_type=product&#038;p=2294"},"modified":"2024-04-04T10:49:34","modified_gmt":"2024-04-04T10:49:34","slug":"harissa-arbi","status":"publish","type":"product","link":"https:\/\/epices-smaoui.com\/index.php\/product\/harissa-arbi\/","title":{"rendered":"Harissa arbi<span class=\"codevz-product-category-after-title\">Salaisons<\/span>"},"content":{"rendered":"<p><strong>Dosage :<\/strong> A volont\u00e9 selon votre gout<\/p>\n<table>\n<tbody>\n<tr>\n<td>Article<\/td>\n<td>Poids par paquet<\/td>\n<td>Paquet\/ fardeau\/ carton<\/td>\n<td>Code \u00e0 barre<\/td>\n<\/tr>\n<tr>\n<td rowspan=\"5\">Harissa arbi<\/td>\n<td>4.5 kg<\/td>\n<td><\/td>\n<td><\/td>\n<\/tr>\n<tr>\n<td>3 kg<\/td>\n<td><\/td>\n<td><\/td>\n<\/tr>\n<tr>\n<td>400 g<\/td>\n<td>Carton de 12 pot<\/td>\n<td><\/td>\n<\/tr>\n<tr>\n<td>200 g<\/td>\n<td>Carton de 24 pot<\/td>\n<td><\/td>\n<\/tr>\n<tr>\n<td>100 g<\/td>\n<td>Carton de 40 pot<\/td>\n<td><\/td>\n<\/tr>\n<\/tbody>\n<\/table>\n<ul>\n<li><span style=\"color: #339966;\"><strong>Id\u00e9e de cuisine <\/strong><\/span><\/li>\n<\/ul>\n<div style=\"text-align: justify;\">Harissa Samoui est l\u2019incontournable condiment du couscous, mais aussi du kefteji. J\u2019accompagne \u00e9galement les sauces rouges\u00a0\u00bb, dans les sandwiches, les mlaouis et les fricass\u00e9es.<\/div>\n<div style=\"text-align: justify;\">Nous n&rsquo;oublions pas La fameuse k\u00e9mia, dispos\u00e9e dans une petite assiette et recouverte d&rsquo;huile d&rsquo;olive, de miettes de thon, et parfois d&rsquo;\u0153ufs durs et d&rsquo;olives.<\/div>\n<ul>\n<li><span style=\"color: #339966;\"><strong>Les atouts sant\u00e9 et nutrition<\/strong><\/span><\/li>\n<\/ul>\n<div style=\"text-align: justify;\">Contrairement aux croyances populaires, l\u2019harissa n&rsquo;est pas mauvais pour le syst\u00e8me gastro-intestinal elle r\u00e9duit la menace de maladies cardiovasculaires et AVC gr\u00e2ce au potassium qui lui permet de r\u00e9duire la r\u00e9sistance vasculaire et am\u00e9liore la circulation sanguine. Ce qui permet de diminuer la menace d\u2019accidents vasculaires c\u00e9r\u00e9braux et d\u2019arr\u00eats cardiaques.<\/div>\n<div>\n<p><strong><u>Informations nutritionnelles pour une portion 100 g<\/u><\/strong><\/p>\n<ul>\n<li>Calories : 324 kcal<\/li>\n<li>Prot\u00e9ines : 10.58 g<\/li>\n<li>Glucides : 69.86 g<\/li>\n<li>Lipides : 5.81 g<\/li>\n<li>Eau : &#8211;<\/li>\n<\/ul>\n<\/div>\n<ul>\n<li><span style=\"color: #339966;\"><strong>Secret de conservation\u00a0<\/strong><\/span><\/li>\n<\/ul>\n<div style=\"text-align: justify;\">\n<p>Conservez l\u2019harissa arbi Smaoui au r\u00e9frig\u00e9rateur dans un bocal ou dans un r\u00e9cipient herm\u00e9tique apr\u00e8s ouverture.<\/p>\n<\/div>\n","protected":false},"excerpt":{"rendered":"<div style=\"text-align: justify;\">\nCertaines recettes tunisiennes traditionnelles telles qu&rsquo;ojja, brik \u00e0 l\u2019\u0153uf &#8230; <\/p>\n","protected":false},"featured_media":2296,"template":"","meta":[],"product_cat":[156],"product_tag":[],"class_list":{"0":"post-2294","1":"product","2":"type-product","3":"status-publish","4":"has-post-thumbnail","6":"product_cat-salaisons","8":"first","9":"instock","10":"shipping-taxable","11":"product-type-simple"},"_links":{"self":[{"href":"https:\/\/epices-smaoui.com\/index.php\/wp-json\/wp\/v2\/product\/2294","targetHints":{"allow":["GET"]}}],"collection":[{"href":"https:\/\/epices-smaoui.com\/index.php\/wp-json\/wp\/v2\/product"}],"about":[{"href":"https:\/\/epices-smaoui.com\/index.php\/wp-json\/wp\/v2\/types\/product"}],"wp:featuredmedia":[{"embeddable":true,"href":"https:\/\/epices-smaoui.com\/index.php\/wp-json\/wp\/v2\/media\/2296"}],"wp:attachment":[{"href":"https:\/\/epices-smaoui.com\/index.php\/wp-json\/wp\/v2\/media?parent=2294"}],"wp:term":[{"taxonomy":"product_cat","embeddable":true,"href":"https:\/\/epices-smaoui.com\/index.php\/wp-json\/wp\/v2\/product_cat?post=2294"},{"taxonomy":"product_tag","embeddable":true,"href":"https:\/\/epices-smaoui.com\/index.php\/wp-json\/wp\/v2\/product_tag?post=2294"}],"curies":[{"name":"wp","href":"https:\/\/api.w.org\/{rel}","templated":true}]}}