{"id":2286,"date":"2024-04-04T10:26:34","date_gmt":"2024-04-04T10:26:34","guid":{"rendered":"https:\/\/epices-smaoui.com\/?post_type=product&#038;p=2286"},"modified":"2024-04-04T10:29:32","modified_gmt":"2024-04-04T10:29:32","slug":"sucre-glace","status":"publish","type":"product","link":"https:\/\/epices-smaoui.com\/index.php\/product\/sucre-glace\/","title":{"rendered":"Sucre glace<span class=\"codevz-product-category-after-title\">Produits de patisserie<\/span>"},"content":{"rendered":"<p><strong>Ingr\u00e9dient :<\/strong> Contient 3% d&rsquo;amidon alimentaire.<br \/>\n<strong>Dosage :<\/strong> A volont\u00e9, selon votre pr\u00e9paration<\/p>\n<table>\n<tbody>\n<tr>\n<td>Article<\/td>\n<td>Poids par paquet<\/td>\n<td>Paquet\/ fardeau\/ carton<\/td>\n<td>Code \u00e0 barre<\/td>\n<\/tr>\n<tr>\n<td rowspan=\"3\">Sucre glace<\/td>\n<td>Vrac<\/td>\n<td><\/td>\n<td><\/td>\n<\/tr>\n<tr>\n<td>1 kg<\/td>\n<td>Sac de 10 kg<\/td>\n<td><\/td>\n<\/tr>\n<tr>\n<td>500 g<\/td>\n<td>Sac de 10 kg<\/td>\n<td><\/td>\n<\/tr>\n<\/tbody>\n<\/table>\n<ul>\n<li><span style=\"color: #339966;\"><strong>Id\u00e9e de cuisine <\/strong><\/span><\/li>\n<\/ul>\n<div style=\"text-align: justify;\">Le sucre glace Smaoui, C&rsquo;est la star des gla\u00e7ages pour d\u00e9corer vos g\u00e2teaux d&rsquo;anniversaire et c&rsquo;est l&rsquo;ingr\u00e9dient indispensable pour le pastillage, une p\u00e2te \u00e0 d\u00e9cor qui sublime vos desserts. Utile dans l&rsquo;\u00e9laboration d&rsquo;une cr\u00e8me Chantilly ou d&rsquo;une mousse, de m\u00eame pour baklewa \u00e0 la p\u00e2te feuillet\u00e9e on l&rsquo;aime aussi simplement saupoudr\u00e9 sur la surface s\u00e8che des g\u00e2teaux, kaakanbar, beignets et autres gaufres.<\/div>\n<ul>\n<li><span style=\"color: #339966;\"><strong>Les atouts sant\u00e9 et nutrition<\/strong><\/span><\/li>\n<\/ul>\n<div>\n<p><strong><u>Informations nutritionnelles pour une portion 100 g<\/u><\/strong><\/p>\n<ul>\n<li>Protides\u00a0: 0 g<\/li>\n<li>Glucides\u00a0: 99,7 g<\/li>\n<li>Lipides\u00a0: 0 g<\/li>\n<li>Calories\u00a0: 400 kcal<\/li>\n<\/ul>\n<\/div>\n<ul>\n<li><span style=\"color: #339966;\"><strong>Secret de conservation\u00a0<\/strong><\/span><\/li>\n<\/ul>\n<div style=\"text-align: justify;\">S\u2019il est stock\u00e9 dans de bonnes conditions, le sucre glace Smaoui se conserve ind\u00e9finiment \u00e0 temp\u00e9rature ambiante.<\/div>\n<div style=\"text-align: justify;\">Pour pr\u00e9server les propri\u00e9t\u00e9s gustatives du sucre glace smaoui et l\u2019emp\u00eacher de durcir apr\u00e8s ouverture, refermez soigneusement l\u2019emballage d\u2019origine ou transvasez le sucre dans un r\u00e9cipient herm\u00e9tique, \u00e0 l&rsquo;abri de l&rsquo;humidit\u00e9<\/div>\n","protected":false},"excerpt":{"rendered":"<div style=\"text-align: justify;\">le sucre glace Smaoui pr\u00e9sente une saveur toute douce &#8230; <\/p>\n","protected":false},"featured_media":2287,"template":"","meta":[],"product_cat":[155],"product_tag":[],"class_list":{"0":"post-2286","1":"product","2":"type-product","3":"status-publish","4":"has-post-thumbnail","6":"product_cat-produits_de_patisserie","8":"first","9":"instock","10":"shipping-taxable","11":"product-type-simple"},"_links":{"self":[{"href":"https:\/\/epices-smaoui.com\/index.php\/wp-json\/wp\/v2\/product\/2286","targetHints":{"allow":["GET"]}}],"collection":[{"href":"https:\/\/epices-smaoui.com\/index.php\/wp-json\/wp\/v2\/product"}],"about":[{"href":"https:\/\/epices-smaoui.com\/index.php\/wp-json\/wp\/v2\/types\/product"}],"wp:featuredmedia":[{"embeddable":true,"href":"https:\/\/epices-smaoui.com\/index.php\/wp-json\/wp\/v2\/media\/2287"}],"wp:attachment":[{"href":"https:\/\/epices-smaoui.com\/index.php\/wp-json\/wp\/v2\/media?parent=2286"}],"wp:term":[{"taxonomy":"product_cat","embeddable":true,"href":"https:\/\/epices-smaoui.com\/index.php\/wp-json\/wp\/v2\/product_cat?post=2286"},{"taxonomy":"product_tag","embeddable":true,"href":"https:\/\/epices-smaoui.com\/index.php\/wp-json\/wp\/v2\/product_tag?post=2286"}],"curies":[{"name":"wp","href":"https:\/\/api.w.org\/{rel}","templated":true}]}}