{"id":2275,"date":"2024-04-04T10:04:11","date_gmt":"2024-04-04T10:04:11","guid":{"rendered":"https:\/\/epices-smaoui.com\/?post_type=product&#038;p=2275"},"modified":"2024-04-04T10:05:55","modified_gmt":"2024-04-04T10:05:55","slug":"houar","status":"publish","type":"product","link":"https:\/\/epices-smaoui.com\/index.php\/product\/houar\/","title":{"rendered":"Houar<span class=\"codevz-product-category-after-title\">Produits de patisserie<\/span>"},"content":{"rendered":"<p><strong>Ingr\u00e9dients :<\/strong> pois chiche, sorgho, bl\u00e9, lentille, haricot, fenouil, carvi, grain d\u2019anis, romarin et zestes du citron.<br \/>\n<strong>Dosage :<\/strong> A volont\u00e9, selon votre pr\u00e9paration<\/p>\n<table>\n<tbody>\n<tr>\n<td>Article<\/td>\n<td>Poids par paquet<\/td>\n<td>Paquet\/ fardeau\/ carton<\/td>\n<td>Code \u00e0 barre<\/td>\n<\/tr>\n<tr>\n<td rowspan=\"2\">Houar<\/td>\n<td>Vrac<\/td>\n<td><\/td>\n<td><\/td>\n<\/tr>\n<tr>\n<td>500 g<\/td>\n<td><\/td>\n<td><\/td>\n<\/tr>\n<\/tbody>\n<\/table>\n<ul>\n<li><span style=\"color: #339966;\"><strong>Id\u00e9e de cuisine <\/strong><\/span><\/li>\n<\/ul>\n<div style=\"text-align: justify;\">Dans les traditions Tunisiennes, Houar Smaoui est une c\u00e9r\u00e9ale tr\u00e8s consomm\u00e9e pendant l\u2019hiver et bien s\u00fbr en p\u00e9riode de Ramadan sous forme d\u2019une cr\u00e8me servie au petit d\u00e9jeuner m\u00e9langer avec l\u2019huile d\u2019olive, fruit sec et halwachemia.<\/div>\n<ul>\n<li><span style=\"color: #339966;\"><strong>Les atouts sant\u00e9 et nutrition<\/strong><\/span><\/li>\n<\/ul>\n<div style=\"text-align: justify;\">Ces graines apportent gout et saveur, mais \u00e9galement multiples b\u00e9n\u00e9fices pour la sant\u00e9 : le pois chiche provoque les urines, favorise les menstruations et les flatulences, le sorgho est une source de glucides, de prot\u00e9ines et de fibres alimentaires, le bl\u00e9 prot\u00e8ge le syst\u00e8me cardiovasculaire, r\u00e9duit le taux de cholest\u00e9rol dans le sang, renforce le syst\u00e8me immunitaire, favorise la digestion et combat la constipation et l\u2019haricot favorise le transit, b\u00e9n\u00e9fique Pour les diab\u00e9tiques, Contre les maladies cardiovasculaires, Pour lutter contre l&rsquo;arthrose.<\/div>\n<ul>\n<li><span style=\"color: #339966;\"><strong>Secret de conservation\u00a0<\/strong><\/span><\/li>\n<\/ul>\n<div style=\"text-align: justify;\">Pour maximiser la dur\u00e9e du houar Smaoui. Il est pr\u00e9f\u00e9rable le conserver \u00e0 l&rsquo;abri de la lumi\u00e8re, de la chaleur et de l&rsquo;humidit\u00e9.<\/div>\n","protected":false},"excerpt":{"rendered":"<div style=\"text-align: justify;\">Le houar sfaxienbSmaouibest une pr\u00e9paration \u00e0 base de farine &#8230; <\/p>\n","protected":false},"featured_media":0,"template":"","meta":[],"product_cat":[155],"product_tag":[],"class_list":{"0":"post-2275","1":"product","2":"type-product","3":"status-publish","5":"product_cat-produits_de_patisserie","7":"first","8":"instock","9":"shipping-taxable","10":"product-type-simple"},"_links":{"self":[{"href":"https:\/\/epices-smaoui.com\/index.php\/wp-json\/wp\/v2\/product\/2275","targetHints":{"allow":["GET"]}}],"collection":[{"href":"https:\/\/epices-smaoui.com\/index.php\/wp-json\/wp\/v2\/product"}],"about":[{"href":"https:\/\/epices-smaoui.com\/index.php\/wp-json\/wp\/v2\/types\/product"}],"wp:attachment":[{"href":"https:\/\/epices-smaoui.com\/index.php\/wp-json\/wp\/v2\/media?parent=2275"}],"wp:term":[{"taxonomy":"product_cat","embeddable":true,"href":"https:\/\/epices-smaoui.com\/index.php\/wp-json\/wp\/v2\/product_cat?post=2275"},{"taxonomy":"product_tag","embeddable":true,"href":"https:\/\/epices-smaoui.com\/index.php\/wp-json\/wp\/v2\/product_tag?post=2275"}],"curies":[{"name":"wp","href":"https:\/\/api.w.org\/{rel}","templated":true}]}}