{"id":2257,"date":"2024-04-04T09:11:29","date_gmt":"2024-04-04T09:11:29","guid":{"rendered":"https:\/\/epices-smaoui.com\/?post_type=product&#038;p=2257"},"modified":"2024-04-04T09:14:44","modified_gmt":"2024-04-04T09:14:44","slug":"origan","status":"publish","type":"product","link":"https:\/\/epices-smaoui.com\/index.php\/product\/origan\/","title":{"rendered":"Origan<span class=\"codevz-product-category-after-title\">Plantes naturelles<\/span>"},"content":{"rendered":"<p><strong>Dosage :<\/strong> 1 \u00e0 2 cuill\u00e8re \u00e0 soupe pour 4 personnes.<\/p>\n<table>\n<tbody>\n<tr>\n<td>Article<\/td>\n<td>Poids par paquet<\/td>\n<td>Paquet\/ fardeau\/ carton<\/td>\n<td>Code \u00e0 barre<\/td>\n<\/tr>\n<tr>\n<td>Origan<\/td>\n<td>30 g<\/td>\n<td>20 sachets<\/td>\n<td>6194046901545<\/td>\n<\/tr>\n<\/tbody>\n<\/table>\n<ul>\n<li><span style=\"color: #339966;\"><strong>Id\u00e9e de cuisine <\/strong><\/span><\/li>\n<\/ul>\n<div style=\"text-align: justify;\">L\u2019origan Smaoui est la star incontestable des aromates pour pizza, des plats mijot\u00e9s aux sauces en passant par les l\u00e9gumes rien ne m\u2019\u00e9chappe.<br \/>\nDe m\u00eame, il affine les spaghettis bolognais classiques, et les biscuits ne peuvent se passer de cannelle pour d\u00e9gager cette odeur si all\u00e9chante qui s\u00e9duit petits et grands.<\/div>\n<div style=\"text-align: justify;\">De m\u00eame elle marie \u00e0 merveilles avec le basilic et le thym de Provence, on peut dire de mani\u00e8re plus g\u00e9n\u00e9rale que c\u2019est une herbe aromatique particuli\u00e8rement propice aux m\u00e9langes de saveurs.<\/div>\n<div style=\"text-align: justify;\">Nous vous proposons des recettes avec l\u2019origan Smaoui, afin d&rsquo;utiliser au mieux cettecondamnent.<\/div>\n<ul>\n<li><span style=\"color: #339966;\"><strong>Les atouts sant\u00e9 et nutrition<\/strong><\/span><\/li>\n<\/ul>\n<div style=\"text-align: justify;\">L\u2019origan est tonique, digestif, stimulant et purgatif. Fortement dos\u00e9, il stimule le c\u0153ur.<\/div>\n<div>\n<p><strong><u>Informations nutritionnelles pour une portion 100 g<\/u><\/strong><\/p>\n<ul>\n<li>Prot\u00e9ines\u00a0: 9 g<\/li>\n<li>Glucides\u00a0: 26.4 g<\/li>\n<li>Lipides\u00a0: 4.28 g<\/li>\n<li>Eau\u00a0: 9.93 g<\/li>\n<li>Alcool\u00a0: 0 g<\/li>\n<\/ul>\n<\/div>\n<ul>\n<li><span style=\"color: #339966;\"><strong>Secret de conservation\u00a0<\/strong><\/span><\/li>\n<\/ul>\n<div style=\"text-align: justify;\">Pour maximiser la dur\u00e9e de conservation de l\u2019origan Smaoui, conservez-le dans un endroit sombre et frais, \u00e0 l\u2019abri de la chaleur et de la lumi\u00e8re directe du soleil.<\/div>\n<div style=\"text-align: justify;\">Stock\u00e9 dans de bonnes conditions, l\u2019origan Smaoui conserve g\u00e9n\u00e9ralement une qualit\u00e9 optimale pendant 1 \u00e0 3 ans environ \u00e0 temp\u00e9rature ambiante.<\/div>\n<div style=\"text-align: justify;\">pour pr\u00e9server sa saveur et son ar\u00f4me, stockez-le dans un r\u00e9cipient herm\u00e9tique.<\/div>\n","protected":false},"excerpt":{"rendered":"<div style=\"text-align: justify;\">L\u2019origan Smaoui est l\u2019un des aromates les plus utilis\u00e9s &#8230; <\/p>\n","protected":false},"featured_media":2258,"template":"","meta":[],"product_cat":[154],"product_tag":[],"class_list":{"0":"post-2257","1":"product","2":"type-product","3":"status-publish","4":"has-post-thumbnail","6":"product_cat-plantes_naturelles","8":"first","9":"instock","10":"shipping-taxable","11":"product-type-simple"},"_links":{"self":[{"href":"https:\/\/epices-smaoui.com\/index.php\/wp-json\/wp\/v2\/product\/2257","targetHints":{"allow":["GET"]}}],"collection":[{"href":"https:\/\/epices-smaoui.com\/index.php\/wp-json\/wp\/v2\/product"}],"about":[{"href":"https:\/\/epices-smaoui.com\/index.php\/wp-json\/wp\/v2\/types\/product"}],"wp:featuredmedia":[{"embeddable":true,"href":"https:\/\/epices-smaoui.com\/index.php\/wp-json\/wp\/v2\/media\/2258"}],"wp:attachment":[{"href":"https:\/\/epices-smaoui.com\/index.php\/wp-json\/wp\/v2\/media?parent=2257"}],"wp:term":[{"taxonomy":"product_cat","embeddable":true,"href":"https:\/\/epices-smaoui.com\/index.php\/wp-json\/wp\/v2\/product_cat?post=2257"},{"taxonomy":"product_tag","embeddable":true,"href":"https:\/\/epices-smaoui.com\/index.php\/wp-json\/wp\/v2\/product_tag?post=2257"}],"curies":[{"name":"wp","href":"https:\/\/api.w.org\/{rel}","templated":true}]}}