{"id":2241,"date":"2024-04-04T08:31:00","date_gmt":"2024-04-04T08:31:00","guid":{"rendered":"https:\/\/epices-smaoui.com\/?post_type=product&#038;p=2241"},"modified":"2024-04-04T08:34:00","modified_gmt":"2024-04-04T08:34:00","slug":"garniture-du-pain","status":"publish","type":"product","link":"https:\/\/epices-smaoui.com\/index.php\/product\/garniture-du-pain\/","title":{"rendered":"Garniture du pain<span class=\"codevz-product-category-after-title\">Plantes naturelles<\/span>"},"content":{"rendered":"<p><strong>Ingr\u00e9dients :<\/strong> nigelle, fenouil, s\u00e9same, grain d\u2019anis.<br \/>\n<strong>Dosage :<\/strong> A volont\u00e9 selon votre gout <\/p>\n<table>\n<tbody>\n<tr>\n<td>Article<\/td>\n<td>Poids par paquet<\/td>\n<td>Paquet\/ fardeau\/ carton<\/td>\n<td>Code \u00e0 barre<\/td>\n<\/tr>\n<tr>\n<td rowspan=\"2\">Garniture du pain<\/td>\n<td>___<\/td>\n<td><\/td>\n<td><\/td>\n<\/tr>\n<tr>\n<td>100 g<\/td>\n<td>20 sachets <\/td>\n<td>6194046901903<\/td>\n<\/tr>\n<\/tbody>\n<\/table>\n<ul>\n<li><span style=\"color: #339966;\"><strong>Id\u00e9e de cuisine  <\/strong><\/span><\/li>\n<\/ul>\n<div style=\"text-align: justify;\">Pour ce faire, incorporez-le, lors du p\u00e9trissage pour un pain de 500 g, incorporez 1 cuill\u00e8re \u00e0 soupe bomb\u00e9e du m\u00e9lange, puis d\u00e9corer votre pain avec une autre cuill\u00e8re \u00e0 soupe. Mais ce n\u2019est pas son unique utilisation, vous pouvez ajouter \u00e0 votre muesli, granula, yaourt, salade, cakes sal\u00e9s ou autre plats.<\/div>\n<div style=\"text-align: justify;\">Nous vous proposons des recettes avec garniture du pain Smaoui, afin d&rsquo;utiliser au mieux cecondiment.<\/div>\n<ul>\n<li><span style=\"color: #339966;\"><strong>Les atouts sant\u00e9 et nutrition<\/strong><\/span><\/li>\n<\/ul>\n<div style=\"text-align: justify;\">Ces grains apportent gout et saveur mais \u00e9galement multiples b\u00e9n\u00e9fices pour la sant\u00e9 : la nigelle c\u2019est un soin pr\u00e9ventif contre le diab\u00e8te, s\u00e9same vous apporte prot\u00e9ines et le fenouil tr\u00e8s riche en potassium et en calcium <\/div>\n<ul>\n<li><span style=\"color: #339966;\"><strong>Secret de conservation\u00a0<\/strong><\/span><\/li>\n<\/ul>\n<div style=\"text-align: justify;\">Il est pr\u00e9f\u00e9rable le conserver \u00e0 l&rsquo;abri de la lumi\u00e8re, de la chaleur et de l&rsquo;humidit\u00e9.<\/div>\n","protected":false},"excerpt":{"rendered":"<div style=\"text-align: justify;\">La s\u00e9lection de la garniture du pain Smaoui est &#8230; <\/p>\n","protected":false},"featured_media":2242,"template":"","meta":[],"product_cat":[154],"product_tag":[],"class_list":{"0":"post-2241","1":"product","2":"type-product","3":"status-publish","4":"has-post-thumbnail","6":"product_cat-plantes_naturelles","8":"first","9":"instock","10":"shipping-taxable","11":"product-type-simple"},"_links":{"self":[{"href":"https:\/\/epices-smaoui.com\/index.php\/wp-json\/wp\/v2\/product\/2241","targetHints":{"allow":["GET"]}}],"collection":[{"href":"https:\/\/epices-smaoui.com\/index.php\/wp-json\/wp\/v2\/product"}],"about":[{"href":"https:\/\/epices-smaoui.com\/index.php\/wp-json\/wp\/v2\/types\/product"}],"wp:featuredmedia":[{"embeddable":true,"href":"https:\/\/epices-smaoui.com\/index.php\/wp-json\/wp\/v2\/media\/2242"}],"wp:attachment":[{"href":"https:\/\/epices-smaoui.com\/index.php\/wp-json\/wp\/v2\/media?parent=2241"}],"wp:term":[{"taxonomy":"product_cat","embeddable":true,"href":"https:\/\/epices-smaoui.com\/index.php\/wp-json\/wp\/v2\/product_cat?post=2241"},{"taxonomy":"product_tag","embeddable":true,"href":"https:\/\/epices-smaoui.com\/index.php\/wp-json\/wp\/v2\/product_tag?post=2241"}],"curies":[{"name":"wp","href":"https:\/\/api.w.org\/{rel}","templated":true}]}}