{"id":2230,"date":"2024-04-03T15:48:47","date_gmt":"2024-04-03T15:48:47","guid":{"rendered":"https:\/\/epices-smaoui.com\/?post_type=product&#038;p=2230"},"modified":"2024-04-03T15:52:40","modified_gmt":"2024-04-03T15:52:40","slug":"pois-chiche-grain","status":"publish","type":"product","link":"https:\/\/epices-smaoui.com\/index.php\/product\/pois-chiche-grain\/","title":{"rendered":"pois chiche grain<span class=\"codevz-product-category-after-title\">L\u00e9gumes secs<\/span>"},"content":{"rendered":"<p><strong>Dosage :<\/strong> A volont\u00e9 selon votre gout<\/p>\n<table>\n<tbody>\n<tr>\n<td>Article<\/td>\n<td>Poids par paquet<\/td>\n<td>Paquet\/ fardeau\/ carton<\/td>\n<td>Code \u00e0 barre<\/td>\n<\/tr>\n<tr>\n<td rowspan=\"5\">Pois chiche<\/td>\n<td>Vrac N\u00b011<\/td>\n<td><\/td>\n<td><\/td>\n<\/tr>\n<tr>\n<td>Vrac N\u00b010<\/td>\n<td><\/td>\n<td><\/td>\n<\/tr>\n<tr>\n<td>Local vrac<\/td>\n<td><\/td>\n<td><\/td>\n<\/tr>\n<tr>\n<td>Grain 1 kg<\/td>\n<td><\/td>\n<td>6194046900883<\/td>\n<\/tr>\n<tr>\n<td>Grain 500g<\/td>\n<td>20 sachets<\/td>\n<td>6194046900289<\/td>\n<\/tr>\n<\/tbody>\n<\/table>\n<ul>\n<li><span style=\"color: #339966;\"><strong>Id\u00e9e de cuisine <\/strong><\/span><\/li>\n<\/ul>\n<div style=\"text-align: justify;\">Le pois chiche est \u00e0 l\u2019origine destin\u00e9e \u00e0 la cuisine des l\u00e9gumes secs, Cependant il se mariera dans tous les l\u00e9gumes de mani\u00e8re g\u00e9n\u00e9rale, mais aussi dans les viandes et poissons. C\u2019est l\u2019ingr\u00e9dient indispensable du couscous et chakchouka. Nous vous proposons des recettes avec pois chiche, afin d&rsquo;utiliser au mieux ce l\u00e9gume.<\/div>\n<ul>\n<li><span style=\"color: #339966;\"><strong>Les atouts sant\u00e9 et nutrition<\/strong><\/span><\/li>\n<\/ul>\n<div>\n<p><strong><u>Informations nutritionnelles pour une portion 100 g<\/u><\/strong><\/p>\n<p><strong>Pois chiches cuits \u00e0 l\u2019eau, 100 g<\/strong><\/p>\n<ul>\n<li>Calories\u00a0: 147<\/li>\n<li>Prot\u00e9ines\u00a0: 8.31 g<\/li>\n<li>Glucides\u00a0: 17.7 g<\/li>\n<li>Lipides 3 g<\/li>\n<li>Fibres alimentaires\u00a0: 8.2 g<\/li>\n<\/ul>\n<\/div>\n<ul>\n<li><span style=\"color: #339966;\"><strong>Secret de conservation\u00a0<\/strong><\/span><\/li>\n<\/ul>\n<div style=\"text-align: justify;\">Pour maximiser la dur\u00e9e de conservation des pois chiches secs Smaoui, stockez-les dans un endroit frais et sec dans un r\u00e9cipient herm\u00e9tique<\/div>\n<div style=\"text-align: justify;\">S\u2019ils sont stock\u00e9s dans de bonnes conditions, les pois chiches secs Smaoui conservent g\u00e9n\u00e9ralement une qualit\u00e9 optimale pendant 2 \u00e0 3 ans \u00e0 temp\u00e9rature ambiante (environ 20 \u00b0C).<\/div>\n","protected":false},"excerpt":{"rendered":"<div style=\"text-align: justify;\">Les pois chiches font partie de la grande famille &#8230; <\/p>\n","protected":false},"featured_media":2231,"template":"","meta":[],"product_cat":[153],"product_tag":[],"class_list":{"0":"post-2230","1":"product","2":"type-product","3":"status-publish","4":"has-post-thumbnail","6":"product_cat-legumes_secs","8":"first","9":"instock","10":"shipping-taxable","11":"product-type-simple"},"_links":{"self":[{"href":"https:\/\/epices-smaoui.com\/index.php\/wp-json\/wp\/v2\/product\/2230","targetHints":{"allow":["GET"]}}],"collection":[{"href":"https:\/\/epices-smaoui.com\/index.php\/wp-json\/wp\/v2\/product"}],"about":[{"href":"https:\/\/epices-smaoui.com\/index.php\/wp-json\/wp\/v2\/types\/product"}],"wp:featuredmedia":[{"embeddable":true,"href":"https:\/\/epices-smaoui.com\/index.php\/wp-json\/wp\/v2\/media\/2231"}],"wp:attachment":[{"href":"https:\/\/epices-smaoui.com\/index.php\/wp-json\/wp\/v2\/media?parent=2230"}],"wp:term":[{"taxonomy":"product_cat","embeddable":true,"href":"https:\/\/epices-smaoui.com\/index.php\/wp-json\/wp\/v2\/product_cat?post=2230"},{"taxonomy":"product_tag","embeddable":true,"href":"https:\/\/epices-smaoui.com\/index.php\/wp-json\/wp\/v2\/product_tag?post=2230"}],"curies":[{"name":"wp","href":"https:\/\/api.w.org\/{rel}","templated":true}]}}