{"id":2225,"date":"2024-04-03T15:37:49","date_gmt":"2024-04-03T15:37:49","guid":{"rendered":"https:\/\/epices-smaoui.com\/?post_type=product&#038;p=2225"},"modified":"2024-04-03T15:41:56","modified_gmt":"2024-04-03T15:41:56","slug":"lentille","status":"publish","type":"product","link":"https:\/\/epices-smaoui.com\/index.php\/product\/lentille\/","title":{"rendered":"Lentille<span class=\"codevz-product-category-after-title\">L\u00e9gumes secs<\/span>"},"content":{"rendered":"<p><strong>Dosage :<\/strong> A volont\u00e9 selon votre gout<\/p>\n<table>\n<tbody>\n<tr>\n<td>Article<\/td>\n<td>Poids par paquet<\/td>\n<td>Paquet\/ fardeau\/ carton<\/td>\n<td>Code \u00e0 barre<\/td>\n<\/tr>\n<tr>\n<td rowspan=\"4\">Lentille<\/td>\n<td>Lentille d\u00e9cortiqu\u00e9 vrac<\/td>\n<td><\/td>\n<td><\/td>\n<\/tr>\n<tr>\n<td>Lentille vert vrac<\/td>\n<td>___<\/td>\n<td><\/td>\n<\/tr>\n<tr>\n<td>Lentille d\u00e9cortiqu\u00e9 500 g<\/td>\n<td>20 sachets<\/td>\n<td>6194046900814<\/td>\n<\/tr>\n<tr>\n<td>Lentille vert 500 g<\/td>\n<td>20 sachets<\/td>\n<td>6194046900425<\/td>\n<\/tr>\n<\/tbody>\n<\/table>\n<ul>\n<li><span style=\"color: #339966;\"><strong>Id\u00e9e de cuisine <\/strong><\/span><\/li>\n<\/ul>\n<div style=\"text-align: justify;\">La lentilleest \u00e0 l\u2019origine destin\u00e9e \u00e0 la cuisine des l\u00e9gumes secs,Cependant il se mariera dans tous les l\u00e9gumes de mani\u00e8re g\u00e9n\u00e9rale, mais aussi dans les viandes, poissons et volaille.C\u2019est l\u2019ingr\u00e9dient indispensable du couscous,chakchouka, tbikha et mhamas. Nous vous proposons des recettes avec lentilles, afin d&rsquo;utiliser au mieux ce l\u00e9gume.<\/div>\n<ul>\n<li><span style=\"color: #339966;\"><strong>Les atouts sant\u00e9 et nutrition<\/strong><\/span><\/li>\n<\/ul>\n<div>\n<p><strong><u>Informations nutritionnelles pour une portion 100 g<\/u><\/strong><\/p>\n<ul>\n<li><a href=\"https:\/\/www.lanutrition.fr\/lentilles#proteines\">Prot\u00e9ines<\/a>: 9.02 g<\/li>\n<li><a href=\"https:\/\/www.lanutrition.fr\/lentilles#lipides\">Lipides<\/a>: 0.38 g<\/li>\n<li><a href=\"https:\/\/www.lanutrition.fr\/lentilles#glucides\">Glucides<\/a>: 20.13 g<\/li>\n<li>Cendres\u00a0: 0.83 g<\/li>\n<li><a href=\"https:\/\/www.lanutrition.fr\/lentilles#energie-kcal\">Energie (kcal)<\/a>: 116 kcal<\/li>\n<li>Alcool\u00a0: 0 g<\/li>\n<li>Eau\u00a0: 69.64 g<\/li>\n<li>Fibres\u00a0: 4.25 g<\/li>\n<\/ul>\n<\/div>\n<ul>\n<li><span style=\"color: #339966;\"><strong>Secret de conservation<\/strong><\/span><\/li>\n<\/ul>\n<div style=\"text-align: justify;\">Pour maximiser la dur\u00e9e de conservation des lentilles Smaoui, stockez-les dans un endroit frais et sec, dans un r\u00e9cipient herm\u00e9tique <\/div>\n<div style=\"text-align: justify;\">S\u2019ils sont stock\u00e9s dans de bonnes conditions, les lentilles Smaoui conservent g\u00e9n\u00e9ralement une qualit\u00e9 optimale pendant 2 \u00e0 3 ans \u00e0 temp\u00e9rature ambiante (environ 20 \u00b0C).<\/div>\n","protected":false},"excerpt":{"rendered":"<div style=\"text-align: justify;\">La lentille est une plante herbac\u00e9e annuelle de la &#8230; <\/p>\n","protected":false},"featured_media":2226,"template":"","meta":[],"product_cat":[153],"product_tag":[],"class_list":{"0":"post-2225","1":"product","2":"type-product","3":"status-publish","4":"has-post-thumbnail","6":"product_cat-legumes_secs","8":"first","9":"instock","10":"shipping-taxable","11":"product-type-simple"},"_links":{"self":[{"href":"https:\/\/epices-smaoui.com\/index.php\/wp-json\/wp\/v2\/product\/2225","targetHints":{"allow":["GET"]}}],"collection":[{"href":"https:\/\/epices-smaoui.com\/index.php\/wp-json\/wp\/v2\/product"}],"about":[{"href":"https:\/\/epices-smaoui.com\/index.php\/wp-json\/wp\/v2\/types\/product"}],"wp:featuredmedia":[{"embeddable":true,"href":"https:\/\/epices-smaoui.com\/index.php\/wp-json\/wp\/v2\/media\/2226"}],"wp:attachment":[{"href":"https:\/\/epices-smaoui.com\/index.php\/wp-json\/wp\/v2\/media?parent=2225"}],"wp:term":[{"taxonomy":"product_cat","embeddable":true,"href":"https:\/\/epices-smaoui.com\/index.php\/wp-json\/wp\/v2\/product_cat?post=2225"},{"taxonomy":"product_tag","embeddable":true,"href":"https:\/\/epices-smaoui.com\/index.php\/wp-json\/wp\/v2\/product_tag?post=2225"}],"curies":[{"name":"wp","href":"https:\/\/api.w.org\/{rel}","templated":true}]}}