{"id":2222,"date":"2024-04-03T15:31:23","date_gmt":"2024-04-03T15:31:23","guid":{"rendered":"https:\/\/epices-smaoui.com\/?post_type=product&#038;p=2222"},"modified":"2024-04-03T15:34:49","modified_gmt":"2024-04-03T15:34:49","slug":"haricot","status":"publish","type":"product","link":"https:\/\/epices-smaoui.com\/index.php\/product\/haricot\/","title":{"rendered":"Haricot<span class=\"codevz-product-category-after-title\">L\u00e9gumes secs<\/span>"},"content":{"rendered":"<p><strong>Dosage :<\/strong> A volont\u00e9, selon votre pr\u00e9paration<\/p>\n<table>\n<tbody>\n<tr>\n<td>Article<\/td>\n<td>Poids par paquet<\/td>\n<td>Paquet\/ fardeau\/ carton<\/td>\n<td>Code \u00e0 barre<\/td>\n<\/tr>\n<tr>\n<td rowspan=\"3\">Haricot<\/td>\n<td>vrac<\/td>\n<td><\/td>\n<td><\/td>\n<\/tr>\n<tr>\n<td>1 kg<\/td>\n<td>10 sachets<\/td>\n<td>6194046900876<\/td>\n<\/tr>\n<tr>\n<td>500 g<\/td>\n<td>20 sachets<\/td>\n<td>6194046900296<\/td>\n<\/tr>\n<\/tbody>\n<\/table>\n<ul>\n<li><span style=\"color: #339966;\"><strong>Id\u00e9e de cuisine <\/strong><\/span><\/li>\n<\/ul>\n<div style=\"text-align: justify;\">Le haricot est \u00e0 l\u2019origine destin\u00e9e \u00e0 la cuisine des l\u00e9gumes secs,Cependant il se mariera dans tous les l\u00e9gumes de mani\u00e8re g\u00e9n\u00e9rale, mais aussi dans les viandes et volailles.Nous vous proposons des recettes avec Haricot, afin d&rsquo;utiliser au mieux ce l\u00e9gume.<\/div>\n<ul>\n<li><span style=\"color: #339966;\"><strong>Les atouts sant\u00e9 et nutrition<\/strong><\/span><\/li>\n<\/ul>\n<div><\/div>\n<div>\n<p><strong><u>Informations nutritionnelles pour une portion 100 g<\/u><\/strong><\/p>\n<ul>\n<li>Calories\u00a0: 340<\/li>\n<li>Prot\u00e9ines\u00a0: 19,1\u00a0g<\/li>\n<li>Glucides\u00a0: 43,9\u00a0g<\/li>\n<li>Lipides\u00a0: 1,78\u00a0g<\/li>\n<li>Fibres alimentaires\u00a0: 16,8\u00a0g<\/li>\n<\/ul>\n<\/div>\n<ul>\n<li><span style=\"color: #339966;\"><strong>Secret de conservation\u00a0<\/strong><\/span><\/li>\n<\/ul>\n<div style=\"text-align: justify;\">Pour maximiser la dur\u00e9e de conservation des haricots secsSmaoui, stockez-les dans un endroit frais et sec.<\/div>\n<div style=\"text-align: justify;\">S\u2019ils sont stock\u00e9s dans de bonnes conditions, les haricots secs Smaouiconservent g\u00e9n\u00e9ralement une qualit\u00e9 optimale pendant 2 \u00e0 3 ans \u00e0 temp\u00e9rature ambiante (environ 20 \u00b0C). <\/div>\n","protected":false},"excerpt":{"rendered":"<div style=\"text-align: justify;\">L\u2019haricot Smaoui font partie de l\u2019alimentation traditionnelle de nombreux &#8230; <\/p>\n","protected":false},"featured_media":2223,"template":"","meta":[],"product_cat":[153],"product_tag":[],"class_list":{"0":"post-2222","1":"product","2":"type-product","3":"status-publish","4":"has-post-thumbnail","6":"product_cat-legumes_secs","8":"first","9":"instock","10":"shipping-taxable","11":"product-type-simple"},"_links":{"self":[{"href":"https:\/\/epices-smaoui.com\/index.php\/wp-json\/wp\/v2\/product\/2222","targetHints":{"allow":["GET"]}}],"collection":[{"href":"https:\/\/epices-smaoui.com\/index.php\/wp-json\/wp\/v2\/product"}],"about":[{"href":"https:\/\/epices-smaoui.com\/index.php\/wp-json\/wp\/v2\/types\/product"}],"wp:featuredmedia":[{"embeddable":true,"href":"https:\/\/epices-smaoui.com\/index.php\/wp-json\/wp\/v2\/media\/2223"}],"wp:attachment":[{"href":"https:\/\/epices-smaoui.com\/index.php\/wp-json\/wp\/v2\/media?parent=2222"}],"wp:term":[{"taxonomy":"product_cat","embeddable":true,"href":"https:\/\/epices-smaoui.com\/index.php\/wp-json\/wp\/v2\/product_cat?post=2222"},{"taxonomy":"product_tag","embeddable":true,"href":"https:\/\/epices-smaoui.com\/index.php\/wp-json\/wp\/v2\/product_tag?post=2222"}],"curies":[{"name":"wp","href":"https:\/\/api.w.org\/{rel}","templated":true}]}}