{"id":2192,"date":"2024-04-03T13:40:04","date_gmt":"2024-04-03T13:40:04","guid":{"rendered":"https:\/\/epices-smaoui.com\/?post_type=product&#038;p=2192"},"modified":"2024-04-03T13:43:17","modified_gmt":"2024-04-03T13:43:17","slug":"poivre-noir-grain","status":"publish","type":"product","link":"https:\/\/epices-smaoui.com\/index.php\/product\/poivre-noir-grain\/","title":{"rendered":"Poivre noir grain<span class=\"codevz-product-category-after-title\">Epices en sachet<\/span>"},"content":{"rendered":"<p><strong>Dosage :<\/strong> 1 cuill\u00e8re \u00e0 caf\u00e9 poivre noir moulu pour 4 personnes est g\u00e9n\u00e9ralement conseill\u00e9e.<\/p>\n<table>\n<tbody>\n<tr>\n<td>Article<\/td>\n<td>Poids par paquet<\/td>\n<td>Paquet\/ fardeau\/ carton<\/td>\n<td>Code \u00e0 barre<\/td>\n<\/tr>\n<tr>\n<td rowspan=\"2\">Poivre noir grain<\/td>\n<td>vrac<\/td>\n<td><\/td>\n<td><\/td>\n<\/tr>\n<tr>\n<td>250 g<\/td>\n<td>5 sachets<\/td>\n<td>6194046900791<\/td>\n<\/tr>\n<\/tbody>\n<\/table>\n<ul>\n<li><span style=\"color: #339966;\"><strong>Id\u00e9e d&rsquo;utilisation<\/strong><\/span><\/li>\n<\/ul>\n<div style=\"text-align: justify;\">C\u2019est le plus piquant et le plus aromatique des poivres. On l\u2019ajoute pratiquement \u00e0 tous les aliments, toutes les recettes, Il donne du caract\u00e8re \u00e0 un plat, rehausse le go\u00fbt d&rsquo;un poisson ou de la volaille: viandes, poulets, l\u00e9gumes, vinaigrettes, sauces.<\/div>\n<div style=\"text-align: justify;\">On rajoute toujours le poivre Smaoui en fin de cuisson, une pinc\u00e9e suffit \u00e0 relever subtilement un plat.<\/div>\n<ul>\n<li><span style=\"color: #339966;\"><strong>Les atouts sant\u00e9 et nutrition<\/strong><\/span><\/li>\n<\/ul>\n<div style=\"text-align: justify;\">Disposant de vertus digestives reconnues, le poivre noir Smaoui incite votre syst\u00e8me \u00e0 produire plus d&rsquo;acides, favorisant le processus digestif. La pip\u00e9rine contenue dans ces baies est de plus antibact\u00e9rienne.<\/div>\n<div><\/div>\n<div><strong><u>Informations nutritionnelles pour une portion 100 g<\/u><\/strong><\/div>\n<div>\n<ul>\n<li><a href=\"https:\/\/www.lanutrition.fr\/poivre-noir#proteines\">Prot\u00e9ines<\/a>: 10.95 g<\/li>\n<li><a href=\"https:\/\/www.lanutrition.fr\/poivre-noir#lipides\">Lipides<\/a>: 3.26 g<\/li>\n<li><a href=\"https:\/\/www.lanutrition.fr\/poivre-noir#glucides\">Glucides<\/a>: 64.81 g<\/li>\n<li>Cendres\u00a0: 4.33 g<\/li>\n<li><a href=\"https:\/\/www.lanutrition.fr\/poivre-noir#energie-kcal\">Energie (kcal)<\/a>: 255 kcal<\/li>\n<li>Alcool\u00a0: 0 g<\/li>\n<li>Eau\u00a0: 10.51 g<\/li>\n<li>Fibres\u00a0: 26.5 g<\/li>\n<\/ul>\n<\/div>\n<ul>\n<li><span style=\"color: #339966;\"><strong>Secret de conservation :<\/strong><\/span><\/li>\n<\/ul>\n<div style=\"text-align: justify;\">Pour maximiser la dur\u00e9e de conservation du poivre noir Smaoui, Il est pr\u00e9f\u00e9rable le conserver \u00e0 l&rsquo;abri de la lumi\u00e8re, de la chaleur et de l&rsquo;humidit\u00e9, dans un r\u00e9cipient herm\u00e9tique. <\/div>\n","protected":false},"excerpt":{"rendered":"<div style=\"text-align: justify;\">Pour une cuisine familiale, utilisez notre poivre noir<br \/>\nEpices &#8230; <\/p>\n","protected":false},"featured_media":2193,"template":"","meta":[],"product_cat":[15],"product_tag":[],"class_list":{"0":"post-2192","1":"product","2":"type-product","3":"status-publish","4":"has-post-thumbnail","6":"product_cat-epices_en_sachet","8":"first","9":"instock","10":"shipping-taxable","11":"product-type-simple"},"_links":{"self":[{"href":"https:\/\/epices-smaoui.com\/index.php\/wp-json\/wp\/v2\/product\/2192","targetHints":{"allow":["GET"]}}],"collection":[{"href":"https:\/\/epices-smaoui.com\/index.php\/wp-json\/wp\/v2\/product"}],"about":[{"href":"https:\/\/epices-smaoui.com\/index.php\/wp-json\/wp\/v2\/types\/product"}],"wp:featuredmedia":[{"embeddable":true,"href":"https:\/\/epices-smaoui.com\/index.php\/wp-json\/wp\/v2\/media\/2193"}],"wp:attachment":[{"href":"https:\/\/epices-smaoui.com\/index.php\/wp-json\/wp\/v2\/media?parent=2192"}],"wp:term":[{"taxonomy":"product_cat","embeddable":true,"href":"https:\/\/epices-smaoui.com\/index.php\/wp-json\/wp\/v2\/product_cat?post=2192"},{"taxonomy":"product_tag","embeddable":true,"href":"https:\/\/epices-smaoui.com\/index.php\/wp-json\/wp\/v2\/product_tag?post=2192"}],"curies":[{"name":"wp","href":"https:\/\/api.w.org\/{rel}","templated":true}]}}