{"id":2170,"date":"2024-04-03T12:35:40","date_gmt":"2024-04-03T12:35:40","guid":{"rendered":"https:\/\/epices-smaoui.com\/?post_type=product&#038;p=2170"},"modified":"2024-04-03T12:41:39","modified_gmt":"2024-04-03T12:41:39","slug":"cumin","status":"publish","type":"product","link":"https:\/\/epices-smaoui.com\/index.php\/product\/cumin\/","title":{"rendered":"Cumin<span class=\"codevz-product-category-after-title\">Epices en sachet<\/span>"},"content":{"rendered":"<p><strong>Dosage :<\/strong> 1 \u00e0 2 cuill\u00e8re \u00e0 soupe pour 4 personnes<\/p>\n<table>\n<tbody>\n<tr>\n<td>Article<\/td>\n<td>Poids par paquet<\/td>\n<td>Paquet\/ fardeau\/ carton<\/td>\n<td>Code \u00e0 barre<\/td>\n<\/tr>\n<tr>\n<td rowspan=\"4\">Cumin<\/td>\n<td>vrac<\/td>\n<td><\/td>\n<td>6194046900104<\/td>\n<\/tr>\n<tr>\n<td>250 g<\/td>\n<td>Carton de 20 sachets<\/td>\n<td>6194046900661<\/td>\n<\/tr>\n<tr>\n<td>100 g<\/td>\n<td>Carton de 20 sachets<\/td>\n<td>6194046900111<\/td>\n<\/tr>\n<tr>\n<td>50 g<\/td>\n<td>Carton de 20 sachets<\/td>\n<td>6194046900128<\/td>\n<\/tr>\n<\/tbody>\n<\/table>\n<p><span style=\"color: #339966;\"><strong>\u25cf Astuce du chef<\/strong><\/span><\/p>\n<div style=\"text-align: justify;\">Cumin Smaoui est une autre \u00e9pice qui s&rsquo;accommode tr\u00e8s bien avec les \u0153ufs. Les deux se compl\u00e8tent \u00e0 merveille, en particulier le jaune d&rsquo;\u0153uf mi- cuit qui se fond avec les ar\u00f4mes terreux et \u00e9pic\u00e9s du cumin.<\/div>\n<div style=\"text-align: justify;\">De plus cumin Smaoui s\u2019ajoute dans la pr\u00e9paration des l\u00e9gumes secs pour que ces derniers soient plus faciles \u00e0 dig\u00e9rer. Pour obtenir le meilleur ar\u00f4me du cumin, il est conseill\u00e9 de le rajouter en fin de cuisson.<\/div>\n<p><span style=\"color: #339966;\"><strong>\u25cf Les atouts sant\u00e9 et nutrition<\/strong><\/span><\/p>\n<div style=\"text-align: justify;\">Le cumin estune des \u00e9pices les plus efficaces pour soulager les probl\u00e8mes : antalgique, anti-inflammatoire, antalgique, antispasmodique et antipyr\u00e9tique. On l\u2019emploie pour soulager les digestions difficiles, douleurs et spasmes de l\u2019estomac et les douleurs menstruelles, gastrites, inflammations rhumatismales, h\u00e9patites et fi\u00e8vres.<\/div>\n<p><strong><u>Informations nutritionnelles pour 100 g<\/u><\/strong><\/p>\n<ul>\n<li>Calories : 375 kcal<\/li>\n<li>Prot\u00e9ines : 17.81 g<\/li>\n<li>Eau : 8.06 g<\/li>\n<li>Glucides : 44.24 g<\/li>\n<li>Lipides : 22.27 g<\/li>\n<\/ul>\n<p><strong><u>Carvi <\/u><\/strong><\/p>\n<ul>\n<li><a href=\"https:\/\/www.lanutrition.fr\/carvi-graines-#proteines\">Prot\u00e9ines<\/a>: 19.77 g<\/li>\n<li><a href=\"https:\/\/www.lanutrition.fr\/carvi-graines-#lipides\">Lipides<\/a>: 14.59 g<\/li>\n<li><a href=\"https:\/\/www.lanutrition.fr\/carvi-graines-#glucides\">Glucides<\/a>: 49.9 g<\/li>\n<li>Cendres\u00a0: 5.87 g<\/li>\n<li><a href=\"https:\/\/www.lanutrition.fr\/carvi-graines-#energie-kcal\">Energie (kcal)<\/a>: 333 kcal<\/li>\n<li>Alcool\u00a0: 0 g<\/li>\n<li>Eau\u00a0: 9.87 g<\/li>\n<li>Fibres\u00a0: 38 g<\/li>\n<\/ul>\n<p><span style=\"color: #339966;\"><strong>\u25cf Secret de conservation du curcuma<\/strong><\/span><\/p>\n<div style=\"text-align: justify;\">Le cumin Smaoui comme la plupart des \u00e9pices, se conserve dans un endroit \u00e0 l\u2019abri de l\u2019humidit\u00e9, dans un r\u00e9cipient herm\u00e9tique.<\/div>\n","protected":false},"excerpt":{"rendered":"<div style=\"text-align: justify;\">Souvent confondu avec le carvi, le cumin Smaoui a &#8230; <\/p>\n","protected":false},"featured_media":2171,"template":"","meta":[],"product_cat":[15],"product_tag":[],"class_list":{"0":"post-2170","1":"product","2":"type-product","3":"status-publish","4":"has-post-thumbnail","6":"product_cat-epices_en_sachet","8":"first","9":"instock","10":"shipping-taxable","11":"product-type-simple"},"_links":{"self":[{"href":"https:\/\/epices-smaoui.com\/index.php\/wp-json\/wp\/v2\/product\/2170","targetHints":{"allow":["GET"]}}],"collection":[{"href":"https:\/\/epices-smaoui.com\/index.php\/wp-json\/wp\/v2\/product"}],"about":[{"href":"https:\/\/epices-smaoui.com\/index.php\/wp-json\/wp\/v2\/types\/product"}],"wp:featuredmedia":[{"embeddable":true,"href":"https:\/\/epices-smaoui.com\/index.php\/wp-json\/wp\/v2\/media\/2171"}],"wp:attachment":[{"href":"https:\/\/epices-smaoui.com\/index.php\/wp-json\/wp\/v2\/media?parent=2170"}],"wp:term":[{"taxonomy":"product_cat","embeddable":true,"href":"https:\/\/epices-smaoui.com\/index.php\/wp-json\/wp\/v2\/product_cat?post=2170"},{"taxonomy":"product_tag","embeddable":true,"href":"https:\/\/epices-smaoui.com\/index.php\/wp-json\/wp\/v2\/product_tag?post=2170"}],"curies":[{"name":"wp","href":"https:\/\/api.w.org\/{rel}","templated":true}]}}